{"id":85,"date":"2024-05-03T10:25:42","date_gmt":"2024-05-03T10:25:42","guid":{"rendered":"https:\/\/www.schuetzen1861-ochtendung.de\/?page_id=85"},"modified":"2024-05-08T11:23:06","modified_gmt":"2024-05-08T11:23:06","slug":"vereinsraeume","status":"publish","type":"page","link":"https:\/\/www.schuetzen1861-ochtendung.de\/?page_id=85","title":{"rendered":"Unsere Vereinsr\u00e4ume"},"content":{"rendered":"\t\t<div data-elementor-type=\"wp-page\" data-elementor-id=\"85\" class=\"elementor elementor-85\">\n\t\t\t\t<div class=\"elementor-element elementor-element-a436df2 e-flex e-con-boxed e-con e-parent\" data-id=\"a436df2\" data-element_type=\"container\" data-e-type=\"container\">\n\t\t\t\t\t<div class=\"e-con-inner\">\n\t\t\t\t<div class=\"elementor-element elementor-element-e6d78cb elementor-widget elementor-widget-text-editor\" data-id=\"e6d78cb\" data-element_type=\"widget\" data-e-type=\"widget\" data-widget_type=\"text-editor.default\">\n\t\t\t\t<div class=\"elementor-widget-container\">\n\t\t\t\t\t\t\t\t\t<p>Unsere Vereinsr\u00e4ume k\u00f6nnen Sie mieten! F\u00fcr Vereine, f\u00fcr private Feiern oder auch f\u00fcr Ihre Firmenfeier, sprechen Sie uns an.&nbsp;<\/p>\n<p>Tel. 02625\/5488 oder per E-Mail an info@schuetzen1861-ochtendung.de.<\/p><p><br><\/p>\t\t\t\t\t\t\t\t<\/div>\n\t\t\t\t<\/div>\n\t\t\t\t\t<\/div>\n\t\t\t\t<\/div>\n\t\t<div class=\"elementor-element elementor-element-1170f92 e-grid e-con-boxed e-con e-parent\" data-id=\"1170f92\" data-element_type=\"container\" data-e-type=\"container\">\n\t\t\t\t\t<div class=\"e-con-inner\">\n\t\t\t\t<div class=\"elementor-element elementor-element-6489f26 elementor-widget elementor-widget-image\" data-id=\"6489f26\" data-element_type=\"widget\" data-e-type=\"widget\" data-widget_type=\"image.default\">\n\t\t\t\t<div class=\"elementor-widget-container\">\n\t\t\t\t\t\t\t\t\t\t\t\t\t\t\t<img fetchpriority=\"high\" decoding=\"async\" width=\"320\" height=\"240\" src=\"https:\/\/www.schuetzen1861-ochtendung.de\/wp-content\/uploads\/2024\/05\/IMG_8071.jpg\" class=\"attachment-large size-large wp-image-424\" alt=\"\" srcset=\"https:\/\/www.schuetzen1861-ochtendung.de\/wp-content\/uploads\/2024\/05\/IMG_8071.jpg 320w, https:\/\/www.schuetzen1861-ochtendung.de\/wp-content\/uploads\/2024\/05\/IMG_8071-300x225.jpg 300w\" sizes=\"(max-width: 320px) 100vw, 320px\" \/>\t\t\t\t\t\t\t\t\t\t\t\t\t\t\t<\/div>\n\t\t\t\t<\/div>\n\t\t\t\t<div class=\"elementor-element elementor-element-ad381fd elementor-widget elementor-widget-image\" data-id=\"ad381fd\" data-element_type=\"widget\" data-e-type=\"widget\" data-widget_type=\"image.default\">\n\t\t\t\t<div class=\"elementor-widget-container\">\n\t\t\t\t\t\t\t\t\t\t\t\t\t\t\t<img decoding=\"async\" width=\"800\" height=\"600\" src=\"https:\/\/www.schuetzen1861-ochtendung.de\/wp-content\/uploads\/2024\/05\/DSCF2656-1024x768.jpg\" class=\"attachment-large size-large wp-image-78\" alt=\"\" srcset=\"https:\/\/www.schuetzen1861-ochtendung.de\/wp-content\/uploads\/2024\/05\/DSCF2656-1024x768.jpg 1024w, https:\/\/www.schuetzen1861-ochtendung.de\/wp-content\/uploads\/2024\/05\/DSCF2656-300x225.jpg 300w, https:\/\/www.schuetzen1861-ochtendung.de\/wp-content\/uploads\/2024\/05\/DSCF2656-768x576.jpg 768w, https:\/\/www.schuetzen1861-ochtendung.de\/wp-content\/uploads\/2024\/05\/DSCF2656-1536x1152.jpg 1536w, https:\/\/www.schuetzen1861-ochtendung.de\/wp-content\/uploads\/2024\/05\/DSCF2656-2048x1536.jpg 2048w, https:\/\/www.schuetzen1861-ochtendung.de\/wp-content\/uploads\/2024\/05\/DSCF2656-1440x1080.jpg 1440w\" sizes=\"(max-width: 800px) 100vw, 800px\" \/>\t\t\t\t\t\t\t\t\t\t\t\t\t\t\t<\/div>\n\t\t\t\t<\/div>\n\t\t\t\t<div class=\"elementor-element elementor-element-93fb55c elementor-widget elementor-widget-image\" data-id=\"93fb55c\" data-element_type=\"widget\" data-e-type=\"widget\" data-widget_type=\"image.default\">\n\t\t\t\t<div class=\"elementor-widget-container\">\n\t\t\t\t\t\t\t\t\t\t\t\t\t\t\t<img decoding=\"async\" width=\"320\" height=\"240\" src=\"https:\/\/www.schuetzen1861-ochtendung.de\/wp-content\/uploads\/2024\/05\/IMG_8070.jpg\" class=\"attachment-large size-large wp-image-423\" alt=\"\" srcset=\"https:\/\/www.schuetzen1861-ochtendung.de\/wp-content\/uploads\/2024\/05\/IMG_8070.jpg 320w, https:\/\/www.schuetzen1861-ochtendung.de\/wp-content\/uploads\/2024\/05\/IMG_8070-300x225.jpg 300w\" sizes=\"(max-width: 320px) 100vw, 320px\" \/>\t\t\t\t\t\t\t\t\t\t\t\t\t\t\t<\/div>\n\t\t\t\t<\/div>\n\t\t\t\t<div class=\"elementor-element elementor-element-624fca3 elementor-widget elementor-widget-image\" data-id=\"624fca3\" data-element_type=\"widget\" data-e-type=\"widget\" data-widget_type=\"image.default\">\n\t\t\t\t<div class=\"elementor-widget-container\">\n\t\t\t\t\t\t\t\t\t\t\t\t\t\t\t<img loading=\"lazy\" decoding=\"async\" width=\"320\" height=\"240\" src=\"https:\/\/www.schuetzen1861-ochtendung.de\/wp-content\/uploads\/2024\/05\/IMG_8059.jpg\" class=\"attachment-large size-large wp-image-415\" alt=\"\" srcset=\"https:\/\/www.schuetzen1861-ochtendung.de\/wp-content\/uploads\/2024\/05\/IMG_8059.jpg 320w, https:\/\/www.schuetzen1861-ochtendung.de\/wp-content\/uploads\/2024\/05\/IMG_8059-300x225.jpg 300w\" sizes=\"(max-width: 320px) 100vw, 320px\" \/>\t\t\t\t\t\t\t\t\t\t\t\t\t\t\t<\/div>\n\t\t\t\t<\/div>\n\t\t\t\t<div class=\"elementor-element elementor-element-8e63819 elementor-widget elementor-widget-image\" data-id=\"8e63819\" data-element_type=\"widget\" data-e-type=\"widget\" data-widget_type=\"image.default\">\n\t\t\t\t<div class=\"elementor-widget-container\">\n\t\t\t\t\t\t\t\t\t\t\t\t\t\t\t<img loading=\"lazy\" decoding=\"async\" width=\"800\" height=\"600\" src=\"https:\/\/www.schuetzen1861-ochtendung.de\/wp-content\/uploads\/2024\/05\/DSCF2693-1024x768.jpg\" class=\"attachment-large size-large wp-image-77\" alt=\"\" srcset=\"https:\/\/www.schuetzen1861-ochtendung.de\/wp-content\/uploads\/2024\/05\/DSCF2693-1024x768.jpg 1024w, https:\/\/www.schuetzen1861-ochtendung.de\/wp-content\/uploads\/2024\/05\/DSCF2693-300x225.jpg 300w, https:\/\/www.schuetzen1861-ochtendung.de\/wp-content\/uploads\/2024\/05\/DSCF2693-768x576.jpg 768w, https:\/\/www.schuetzen1861-ochtendung.de\/wp-content\/uploads\/2024\/05\/DSCF2693-1536x1152.jpg 1536w, https:\/\/www.schuetzen1861-ochtendung.de\/wp-content\/uploads\/2024\/05\/DSCF2693-2048x1536.jpg 2048w, https:\/\/www.schuetzen1861-ochtendung.de\/wp-content\/uploads\/2024\/05\/DSCF2693-1440x1080.jpg 1440w\" sizes=\"(max-width: 800px) 100vw, 800px\" \/>\t\t\t\t\t\t\t\t\t\t\t\t\t\t\t<\/div>\n\t\t\t\t<\/div>\n\t\t\t\t<div class=\"elementor-element elementor-element-864819e elementor-widget elementor-widget-image\" data-id=\"864819e\" data-element_type=\"widget\" data-e-type=\"widget\" data-widget_type=\"image.default\">\n\t\t\t\t<div class=\"elementor-widget-container\">\n\t\t\t\t\t\t\t\t\t\t\t\t\t\t\t<img loading=\"lazy\" decoding=\"async\" width=\"320\" height=\"240\" src=\"https:\/\/www.schuetzen1861-ochtendung.de\/wp-content\/uploads\/2024\/05\/IMG_8060.jpg\" class=\"attachment-large size-large wp-image-416\" alt=\"\" srcset=\"https:\/\/www.schuetzen1861-ochtendung.de\/wp-content\/uploads\/2024\/05\/IMG_8060.jpg 320w, https:\/\/www.schuetzen1861-ochtendung.de\/wp-content\/uploads\/2024\/05\/IMG_8060-300x225.jpg 300w\" sizes=\"(max-width: 320px) 100vw, 320px\" \/>\t\t\t\t\t\t\t\t\t\t\t\t\t\t\t<\/div>\n\t\t\t\t<\/div>\n\t\t\t\t\t<\/div>\n\t\t\t\t<\/div>\n\t\t\t\t<\/div>\n\t\t","protected":false},"excerpt":{"rendered":"<p>Unsere Vereinsr\u00e4ume k\u00f6nnen Sie mieten! F\u00fcr Vereine, f\u00fcr private Feiern oder auch f\u00fcr Ihre Firmenfeier, sprechen Sie uns an.&nbsp; Tel. 02625\/5488 oder per E-Mail an info@schuetzen1861-ochtendung.de.<\/p>\n","protected":false},"author":1,"featured_media":0,"parent":0,"menu_order":0,"comment_status":"closed","ping_status":"closed","template":"","meta":{"saved_in_kubio":false,"footnotes":""},"class_list":["post-85","page","type-page","status-publish","hentry"],"kubio_ai_page_context":{"short_desc":"","purpose":"general"},"_links":{"self":[{"href":"https:\/\/www.schuetzen1861-ochtendung.de\/index.php?rest_route=\/wp\/v2\/pages\/85","targetHints":{"allow":["GET"]}}],"collection":[{"href":"https:\/\/www.schuetzen1861-ochtendung.de\/index.php?rest_route=\/wp\/v2\/pages"}],"about":[{"href":"https:\/\/www.schuetzen1861-ochtendung.de\/index.php?rest_route=\/wp\/v2\/types\/page"}],"author":[{"embeddable":true,"href":"https:\/\/www.schuetzen1861-ochtendung.de\/index.php?rest_route=\/wp\/v2\/users\/1"}],"replies":[{"embeddable":true,"href":"https:\/\/www.schuetzen1861-ochtendung.de\/index.php?rest_route=%2Fwp%2Fv2%2Fcomments&post=85"}],"version-history":[{"count":29,"href":"https:\/\/www.schuetzen1861-ochtendung.de\/index.php?rest_route=\/wp\/v2\/pages\/85\/revisions"}],"predecessor-version":[{"id":433,"href":"https:\/\/www.schuetzen1861-ochtendung.de\/index.php?rest_route=\/wp\/v2\/pages\/85\/revisions\/433"}],"wp:attachment":[{"href":"https:\/\/www.schuetzen1861-ochtendung.de\/index.php?rest_route=%2Fwp%2Fv2%2Fmedia&parent=85"}],"curies":[{"name":"wp","href":"https:\/\/api.w.org\/{rel}","templated":true}]}}